c + 14331. Determine l(74).
345
Let v(d) = -25*d**2 - 6848*d + 1203. Determine v(-274).
655
Let p(k) = -k**2 + 233*k - 3861. What is p(18)?
9
Let m(f) = -2*f**2 + 969*f + 22152. Calculate m(-22).
-134
Let v(q) = 2*q**3 - 263*q**2 - 672*q + 264. Determine v(134).
-4
Let c(a) = -2*a**2 - 378*a - 3255. Give c(-9).
-15
Let t(i) = 3*i**2 - 2350*i - 9447. Calculate t(-4).
1
Let p(c) = -1137*c + 51115. Determine p(45).
-50
Let l(f) = 3*f**3 - 29*f**2 - 409*f + 47. Give l(-8).
-73
Let l(i) = i**3 - 65*i**2 - 106*i - 1146. What is l(67)?
730
Let f(r) = 2987*r + 1550260. What is f(-519)?
7
Let i(y) = -y**2 - 26724*y - 3219005. Determine i(-121).
-42
Let g(t) = -15*t**2 + 1031*t + 1253. Calculate g(69).
977
Let i(h) = 3557*h - 224144. What is i(63)?
-53
Let d(y) = y**3 - 930*y**2 + 166941*y + 9. Calculate d(243).
9
Let j(g) = g**2 - 8830*g - 70760. What is j(-8)?
-56
Let s(a) = -150444*a - 5716873. Calculate s(-38).
-1
Let q(t) = -157*t**3 + 3*t**2 - 800*t - 802. Determine q(-1).
158
Let r(p) = 124*p + 21051. Calculate r(-170).
-29
Let n(f) = 89*f**2 - 13*f - 236. Give n(0).
-236
Let d(m) = -5*m**3 + 5*m**2 + 199*m - 811. Calculate d(4).
-255
Let h(p) = 6*p - 1295. Calculate h(-75).
-1745
Let i(z) = -1384*z - 29032. Determine i(-21).
32
Let i(p) = 7*p**2 - 132*p + 412. Give i(3).
79
Let p(a) = 371*a + 8894. Determine p(-24).
-10
Let h(f) = f**3 + 38*f**2 + 53*f + 1629. Determine h(-38).
-385
Let f(t) = -t**3 - 12*t**2 + 156*t + 1835. Give f(-13).
-24
Let f(l) = 3*l**2 + 245*l + 1860. Calculate f(-8).
92
Let v(q) = -2731*q - 67880. Determine v(-25).
395
Let c(z) = 2752*z - 131675. What is c(48)?
421
Let y(s) = 14*s**2 - 333*s + 2384. Determine y(15).
539
Let l(r) = 27139*r - 1926942. What is l(71)?
-73
Let g(h) = -162*h - 4542. Give g(-28).
-6
Let o(u) = 267*u + 9598. Give o(-36).
-14
Let i(q) = 397*q + 3646. Give i(-11).
-721
Let a(m) = -6326*m + 3631120. What is a(574)?
-4
Let h(p) = 2699*p - 1686844. Give h(625).
31
Let l(c) = 11*c**2 + 320*c - 135. Give l(-30).
165
Let y(c) = -33*c**2 - 64*c - 374. Calculate y(-5).
-879
Let n(c) = c**2 + 723*c + 103962. Give n(-198).
12
Let b(x) = x**2 + 92*x + 857. Calculate b(-7).
262
Let d(g) = -24571*g + 982935. Calculate d(40).
95
Let c(v) = 283*v**3 - 9*v**2 + 878*v - 870. Determine c(1).
282
Let b(q) = 71*q**2 - 507*q + 89. Give b(7).
19
Let j(n) = 926*n + 7908. What is j(-9)?
-426
Let l(z) = 2*z**3 - 414*z**2 - 417*z + 220. Determine l(208).
12
Let i(d) = 2*d**3 - 61*d**2 + 239*d - 123. Give i(26).
7
Let u(f) = 21*f**2 + 4285*f + 29167. What is u(-197)?
11
Let g(n) = 1868*n - 5583. What is g(4)?
1889
Let r(g) = -17968*g - 88843. What is r(-5)?
997
Let r(h) = -77840*h - 2257389. What is r(-29)?
-29
Let l(r) = 49514*r + 247608. Determine l(-5).
38
Let w(f) = -f**3 - 76*f**2 + 81*f - 1242. What is w(-78)?
4608
Let q(y) = y**2 - 37687*y + 565077. What is q(15)?
-3
Let n(p) = 17124*p + 17792. Give n(-1).
668
Let n(h) = -2*h**3 - 104*h**2 - 295*h - 38. Give n(-49).
11
Let o(q) = 56320*q - 1689642. Give o(30).
-42
Let p(w) = -w**3 - 53*w**2 - 497*w - 698. Determine p(-10).
-28
Let n(w) = w**3 - 27*w**2 - 208*w + 5120. Determine n(28).
80
Let g(l) = -36922*l - 332296. Give g(-9).
2
Let t(v) = -11*v**2 + 217*v - 382. Determine t(17).
128
Let g(x) = 17*x**2 - 3433*x + 3194. Calculate g(201).
-22
Let n(q) = -9455*q - 4065698. Give n(-430).
-48
Let s(p) = p**3 + 419*p**2 + 5664*p. Determine s(-14).
84
Let q(y) = -71131*y - 22477397. Calculate q(-316).
-1
Let t(y) = -2*y**3 + 20*y**2 - 544*y + 3508. What is t(7)?
-6
Let i(w) = 1581678*w - 31633561. Determine i(20).
-1
Let t(y) = -318*y + 1097. Give t(-3).
2051
Let k(b) = -4*b**3 + 180*b**2 + 60*b - 143. Give k(45).
2557
Let b(a) = a**3 + 33*a**2 - 71*a - 165. Give b(-35).
-130
Let h(f) = -15915*f - 95504. Give h(-6).
-14
Let h(b) = 994*b + 29012. What is h(-28)?
1180
Let r(p) = -59443*p + 59428. Determine r(1).
-15
Let n(a) = 4*a**2 - 23086*a - 161791. Give n(-7).
7
Let d(v) = -31*v**2 - 213*v + 923. Give d(5).
-917
Let d(z) = 6157*z + 31202. What is d(-5)?
417
Let t(n) = -n**2 - 8434*n + 287906. Determine t(34).
-6
Let i(w) = -236*w**2 + 2009*w + 27. Calculate i(9).
-1008
Let s(r) = 25987*r + 259418. What is s(-10)?
-452
Let z(r) = -118*r - 1790. Determine z(-16).
98
Let t(p) = 38277*p + 38271. Give t(-1).
-6
Let g(r) = 3*r**3 - 3969*r**2 + 27651*r - 19741. Give g(1316).
-1
Let v(h) = 22*h**2 - 742*h + 467. Calculate v(33).
-61
Let b(h) = -496*h**3 + 14385*h**2 - 13*h - 17. Calculate b(29).
447
Let c(n) = -82*n**2 - 813*n + 2420. Give c(3).
-757
Let c(z) = 316*z - 2337. What is c(7)?
-125
Let r(n) = n**3 + 24*n**2 - 1101*n - 24444. What is r(-21)?
0
Let q(u) = -22*u**3 + 10*u**2 - 23*u + 15. Determine q(3).
-558
Let n(t) = -2*t**2 - 12314*t - 123121. Give n(-10).
-181
Let n(c) = -2296*c + 1572739. What is n(685)?
-21
Let s(v) = 165*v**3 - 824*v**2 + 167*v - 865. Calculate s(5).
-5
Let j(p) = -2*p**3 + p**2 + 183*p + 518. Give j(0).
518
Let d(u) = -3*u**2 - 1670*u - 37826. Give d(-533).
17
Let q(v) = -v**2 + 1164*v + 426897. Calculate q(-293).
-4
Let k(c) = -c**2 - 142*c - 1430. What is k(-11)?
11
Let p(h) = 3648*h + 73031. Calculate p(-20).
71
Let j(y) = 194018*y - 1164121. What is j(6)?
-13
Let r(n) = -605*n + 2470. Determine r(4).
50
Let d(v) = -35*v**3 + 4*v**2 - 19*v - 16. What is d(3)?
-982
Let z(a) = -a**2 + 524*a - 10487. Give z(21).
76
Let w(f) = 26332*f - 131648. Determine w(5).
12
Let p(h) = -h**3 + 21*h**2 - 176*h + 2081. Determine p(18).
-115
Let x(q) = 2*q**3 + 260*q**2 + 5546*q - 418. What is x(-27)?
14
Let t(q) = 121359*q + 1213598. What is t(-10)?
8
Let f(c) = 152*c + 29582. Determine f(-194).
94
Let t(a) = 4*a**2 - 246*a + 2439. Determine t(49).
-11
Let q(g) = 35*g**3 - 8*g**2 + 25*g - 26. Give q(2).
272
Let r(t) = -44*t**3 - 218*t**2 + 8*t - 30. Give r(-5).
-20
Let u(z) = -242*z - 1001. Determine u(-2).
-517
Let g(m) = -8*m**2 - 524*m - 1653. What is g(-62)?
83
Let z(g) = -g**3 - 11*g**2 + 153*g + 139. Give z(-14).
-1415
Let d(g) = -22*g**2 - 352*g - 12. Give d(-15).
318
Let i(u) = -14*u**2 + 1877*u + 18057. What is i(-9)?
30
Let y(t) = 6*t**3 - 154*t**2 + 89*t - 3364. Calculate y(26).
302
Let q(z) = 3*z**3 + 292*z**2 - 1116*z - 245. Give q(-101).
260
Let j(b) = -12*b**2 - 116*b + 34. Calculate j(-19).
-2094
Let b(c) = c**2 + 3413151*c + 27305141. Give b(-8).
-3
Let d(c) = -105*c**2 - 12065*c - 262. What is d(-115)?
-1412
Let g(p) = 8*p**3 - 90*p**2 + 123*p - 1114. Give g(11).
-3
Let h(b) = b**3 - 11*b**2 + 92*b - 848. What is h(9)?
-182
Let j(m) = m**3 + 177*m**2 + 7819*m + 2325. Give j(-82).
-53
Let n(t) = -3*t**3 - 402*t**2 - 12885*t - 365. Give n(-53).
-47
Let d(z) = 138*z**3 - 3*z**2 + 183*z + 184. Give d(-1).
-140
Let z(q) = -q**3 - 2*q**2 + 92*q - 18. Determine z(6).
246
Let o(r) = 3*r**3 - 123*r**2 + 1123*r + 283. What is o(27)?
-14
Let b(v) = 8*v**2 - 134*v + 3. Determine b(19).
345
Let b(f) = -4*f**2 + 3011*f - 35841. Determine b(12).
-285
Let o(i) = 3*i**3 - 467*i**2 - 158*i + 892. Give o(156).
580
Let x(b) = b**2 + 116*b - 1054. What is x(-128)?
482
Let h(a) = -24975*a - 324652. Calculate h(-13).
23
Let w(p) = 781*p + 22639. Determine w(-29).
-10
Let j(h) = -36963*h + 1552334. Calculate j(42).
-112
Let d(h) = -h**2 - 2972*h - 35557. Calculate d(-12).
-37
Let w(p) = -2*p**3 + 15*p**2 - 113*p + 84. Calculate w(5).
-356
Let o(f) = -1282*f**2 - 10215*f + 259. What is o(-8)?
-69
Let t(j) = -j**2 - 598*j - 24254. Determine t(-44).
122
Let k(y) = 2*y**2 - 1514*y + 16372. Give k(11).
-40
Let o(u) = -17629*u + 26196694. Determine o(1486).
0
Let o(l) = 2*l**2 - 13*l - 2485. What is o(-35)?
420
Let u(v) = -v**3 + 99*v**2 + 3888*v + 541. What is u(-30)?
1
Let v(l) = l**3 - 2*l**2 + 17671*l - 35343. What is v(2)?
-1
Let p(o) = -3*o**2 - 808*o - 15261. Calculate p(-20).
-301
Let v(y) = -y**2 + 45811*y + 595709. Give v(-13).
-3
Let u(q) = -2046*q - 6261. What is u(-3)?
-123
Let l(f) = -10525*f + 115571. Determine l(11).
-204
Let s(w) = -7*w**3 + 559*w**2 - 11159*w + 289. Calculate s(41).
2
Let r(z) = -13*z**2 - 1146*z - 1365. Give r(-87).
-60
Let q(x) = -14663*x + 1950179. Calculate q(133).
0
Let m(n) = -7*n**2 - 60*n + 3436. What is m(19)?
-231
Let k(m) = -35021*m - 10331193. What is k(-295)?
2
Let k(s) = -7*s**2 - 344*s + 1435. Give k(4).
-53
Let g(p